?
12
Suppose -3*d - 73 = -556. Suppose -46 = -29*p + 27*p. Calculate the greatest common factor of d and p.
23
Suppose 2 = -4*h - 22. Let l be 242/8*(-2 - h). What is the greatest common divisor of 11 and l?
11
Let y = -38 + 178. What is the greatest common factor of 14 and y?
14
Let n(q) = 1 + 3*q**2 + 0*q**2 - q + 1 - 5*q. Let z be n(4). What is the greatest common divisor of z and 13?
13
Let u = 124 - -8. Calculate the highest common divisor of 12 and u.
12
Let u(w) be the second derivative of w**4/12 - w**3/6 + 3*w. Let p be u(4). Suppose -2*z - 36 = -132. Calculate the highest common divisor of z and p.
12
Let a be 116 - (-1 + 3)*(-5)/(-10). Let s(o) = 5 - 30*o**3 - 6 + 7*o**3 - 2*o - o**2. Let q be s(-1). What is the highest common factor of q and a?
23
Suppose -4*y - 30 = -2*t, 5*t + 6*y - y = 75. Let c = -3 + t. Calculate the greatest common factor of c and 96.
12
Let y = 10 - 3. Let f = -3 + 89. Let k = -58 + f. Calculate the greatest common divisor of y and k.
7
Let u be 1 - ((-508)/4 + 3). Calculate the highest common divisor of 25 and u.
25
Let p = 95 + -25. What is the highest common factor of p and 42?
14
Suppose -5*f + 2*z + 0*z - 100 = 0, -2*f - 4*z - 16 = 0. Let t = f - -31. Calculate the greatest common divisor of 78 and t.
13
Suppose -5*x - 55 = -2*d, 5*x + 145 = 3*d + 2*d. Calculate the greatest common factor of d and 210.
30
Let i = -21 - -42. Let j = i - 3. Calculate the greatest common divisor of j and 2.
2
Let x be 2/(-4) + 306/12. Calculate the greatest common divisor of 10 and x.
5
Let i = -192 - -272. What is the greatest common divisor of i and 16?
16
Let r = 46 - 27. Calculate the greatest common divisor of r and 76.
19
Let l(r) = 4*r**2 + 4 + r + 0*r**2 + 6*r. Let a be (2*-3)/((-6)/(-4)). Let o be l(a). What is the greatest common divisor of o and 5?
5
Suppose -5*t + 0 = -10. Suppose 2*f + 3*q - 19 - t = 0, -12 = -f - 2*q. Let m = 76 - 34. Calculate the highest common factor of m and f.
6
Suppose 38 = 5*u + 2*z + 2*z, 5*u + 3*z - 41 = 0. What is the highest common factor of 60 and u?
10
Let x be 4 + -2 - (-4 + -39). Suppose -12 = -5*p + 13. What is the greatest common factor of p and x?
5
Let l = -9 + -3. Let y be 0 - (1 + 1) - l. What is the highest common factor of 70 and y?
10
Let h = -5 - -35. Calculate the greatest common divisor of h and 75.
15
Let r(b) = b**2 - 2*b + 1. Let h be r(3). Suppose -h*a - u - 647 = 13, -a - 3*u = 165. Let w = 242 + a. What is the greatest common factor of 11 and w?
11
Let r(g) = 4*g - 10. Let i be 4/10 - (-66)/10. Let v be r(i). Let w(u) = -u - 2. Let f be w(-4). What is the highest common factor of f and v?
2
Suppose 4*l + 4*s - 19 = 5*s, -3*l + s = -13. Let b be ((-15)/10)/((-2)/8). Calculate the greatest common factor of l and b.
6
Suppose 5*b - 3*y = 25, -y = -3*b - b + 13. Let j = 6 - b. Calculate the greatest common factor of j and 2.
2
Let v be 216/((-16)/(-4)) + -2. Calculate the highest common divisor of v and 65.
13
Let d be (4/(-1))/4*83. Let x = d - -143. Calculate the highest common divisor of 40 and x.
20
Let u = -53 + 57. What is the greatest common factor of 3 and u?
1
Suppose 2*o - 5 - 1 = 0. Calculate the highest common divisor of o and 12.
3
Suppose 4*m = -5*w + 55, 3*w - m = 4*w - 10. Let i be (1 - 31)*(-4)/8. What is the highest common factor of i and w?
15
Let t = 5 + -4. Let p = t - -11. What is the highest common factor of 36 and p?
12
Let g(a) = 3*a**3 - 4 - 2 + 4*a - 12*a + 4*a**2 - 2*a**3. Let w be g(-5). What is the highest common divisor of w and 1?
1
Suppose 0 = -3*b + 46 + 62. Suppose -q - 2*n + b = 3*q, 3*q - 28 = -n. Suppose -3*t + 94 = -146. Calculate the highest common divisor of q and t.
10
Let l be 2 - -8*2/(-4). Let x(q) = -q**3 + q**2 + 2*q - 1. Let y be x(l). What is the greatest common divisor of 28 and y?
7
Let i(w) = -8*w - 2. Let c be i(-2). Suppose -5*y + 2*y = -6. Let q be 68/6*6 + y. Calculate the greatest common divisor of c and q.
14
Suppose -124 + 384 = 5*x. Suppose 0 = 6*g - 4*g + a - 19, -5*g + 80 = -4*a. Let w = x - g. Calculate the highest common factor of w and 60.
20
Let p = 9 + 5. Let l(q) = q**3 - q. Let g be l(0). Suppose g*x - 14 = -x. Calculate the highest common factor of x and p.
14
Let n = 111 + -60. Calculate the highest common divisor of n and 17.
17
Let s(r) = r + 47. Let f be s(-7). What is the highest common divisor of f and 8?
8
Let q = 1 + -7. Let s(m) = 3*m**2 + 4*m - 2. Let t be s(-4). Let d be t/9*q/(-4). What is the greatest common factor of d and 40?
5
Let i = -1 - 9. Let s be i/(-3)*(-6)/(-4). What is the highest common factor of s and 25?
5
Suppose -2*c + 70 = -5*g, 3*c - g = 4*g + 100. Calculate the highest common factor of c and 20.
10
Let d be ((-30)/25)/(3/(-260)). Calculate the greatest common divisor of d and 13.
13
Suppose 3*g + 3*o - 197 = 7*g, -g = 3*o + 68. Let n = g + -19. Let v = n - -152. Calculate the highest common divisor of 20 and v.
20
Let l(z) = 4*z - 6. Let y(k) = -2 - 11 + 1 + 8*k. Let o(m) = 9*l(m) - 4*y(m). Let j be o(4). What is the greatest common divisor of j and 50?
10
Let w(c) = 72*c**2 - 2*c - 2. Let n be w(-1). Calculate the highest common divisor of 24 and n.
24
Suppose -6*l = -l - 1780. Suppose -2*r + l = 4*j - 3*r, 2*j - 168 = 3*r. Calculate the highest common factor of j and 10.
10
Let w be 2 - -1 - 7/1. Let v = 1 - 2. Let u = v - w. What is the highest common factor of 6 and u?
3
Let m(i) = -50*i**3 - 2*i - 1. Let t be 8/(-5) - (-9)/15. Let b be m(t). Suppose -5*n + b = -14. What is the highest common divisor of n and 13?
13
Let z be (-371)/(-77) - 2/(-11). Suppose 3*d + 2*d - 15 = -c, -171 = -5*c - d. What is the greatest common factor of c and z?
5
Let b be 15/2*3*2. What is the greatest common divisor of b and 18?
9
Let o(g) = -g**2 - 17*g + 11. Let t be o(-10). Let r = t - 26. Calculate the greatest common divisor of 11 and r.
11
Let d = -162 + 218. Let t be (-58)/(-8) + 1/(-4). What is the greatest common divisor of d and t?
7
Let z be 15/2 + 1/(-2). Suppose 7*n + 92 = 274. Let w = n - -51. Calculate the highest common divisor of w and z.
7
Let q = 76 - 67. Calculate the greatest common factor of 3 and q.
3
Let m(l) = -l**3 - 4*l**2 + 5*l + 7. Let i be m(-5). Calculate the greatest common factor of i and 70.
7
Let u(y) = -y**3 - 17*y**2 - 18*y + 19. Let s be u(-16). What is the greatest common divisor of 17 and s?
17
Suppose 4*b + 5*v - 119 = 0, -4*b + 0*b = -3*v - 159. Calculate the greatest common factor of b and 288.
36
Let k be 128/12*(9/3 + 0). Calculate the highest common factor of 32 and k.
32
Suppose -y + 14 = 5*z, -4*y - 6*z = -z - 41. What is the greatest common divisor of 6 and y?
3
Let d = -155 - -236. Suppose 19 + 8 = u. Calculate the greatest common factor of u and d.
27
Suppose 7*j - 5*j = 242. Let i(o) = o**3 - o**2 - 3*o + 2. Let d be i(3). Calculate the greatest common divisor of j and d.
11
Suppose -4*j + 3*c - 47 - 5 = 0, -2*c + 8 = 0. Let a(i) = i + 16. Let x be a(j). Calculate the greatest common factor of x and 6.
6
Let a = 78 + -51. What is the highest common divisor of 72 and a?
9
Let c = -34 - -20. Let t = c - -29. Suppose -3*y - 46 = -361. Calculate the highest common divisor of t and y.
15
Suppose 4*b + 4 = 6*b. Suppose -f = b*f + 2*n + 4, -3*n - 13 = f. Let z be f/((-4)/9)*-16. What is the greatest common factor of 8 and z?
8
Let g = -6 - -10. Suppose 0 = g*l + 4*v - 32, 2*v - 14 = -3*l + v. Let n be (-21)/2*(-4)/l. What is the greatest common divisor of n and 126?
14
Let i(g) be the third derivative of g**4/8 - 7*g**3/3 - 5*g**2. Let y be i(13). What is the greatest common factor of y and 10?
5
Suppose -4*n - 22 = 2*f - 112, -4*f = -5*n - 141. Calculate the highest common factor of 273 and f.
39
Let k = 5 - 2. Let p be 1 - (-25*k)/3. Calculate the highest common factor of 65 and p.
13
Let q be 5 + (-29)/6 - 826/(-12). What is the highest common divisor of 23 and q?
23
Let t be 5/(15/72) - -2. Suppose -c - 5 + t = 2*h, 4*c - 5*h = 45. Calculate the greatest common factor of c and 105.
15
Suppose -9 = -4*c + 15. Calculate the highest common factor of 3 and c.
3
Let i(v) = 11*v + 3. Let n be i(3). Let p = n + -21. What is the greatest common factor of 60 and p?
15
Let a(n) = 5*n + 2. Let p be a(8). Suppose -f - f = c, f + c - 2 = 0.